{"id":445,"date":"2022-05-04T13:16:09","date_gmt":"2022-05-04T12:16:09","guid":{"rendered":"https:\/\/www.provaznik.info\/fotoprovaz\/?page_id=445"},"modified":"2024-09-26T12:15:10","modified_gmt":"2024-09-26T11:15:10","slug":"vondrous-roman","status":"publish","type":"page","link":"https:\/\/www.provaznik.info\/fotoprovaz\/foto-odkazy\/osobnosti-cz-sk\/vondrous-roman\/","title":{"rendered":"Vondrou\u0161, Roman (*1975)"},"content":{"rendered":"\n<p>Roman Vondrou\u0161 (*1975, Pardubice) je \u010desk\u00fd profesion\u00e1ln\u00ed report\u00e1\u017en\u00ed a sportovn\u00ed fotograf. Pracuje jako fotoreport\u00e9r pro \u010ceskou tiskovou kancel\u00e1\u0159.  Je dr\u017eitelem cel\u00e9 \u0159ady ocen\u011bn\u00ed v\u010detn\u011b presti\u017en\u00edch cen Czech Press Photo a World Press Photo.  Zn\u00e1m\u00e9 jsou tak\u00e9 jeho sportovn\u00ed fotografie z Olympi\u00e1d a z prost\u0159ed\u00ed dostih\u016f. <\/p>\n\n\n\n<h2 class=\"wp-block-heading\">Monografick\u00e9 knihy a publikace (V\u00fdb\u011br)<\/h2>\n\n\n\n<p><em>Knihy vydan\u00e9 autorem nebo reprezentuj\u00edc\u00ed pr\u00e1ci autora. Reference prozat\u00edm neuvedeny.<\/em><\/p>\n\n\n\n<h2 class=\"wp-block-heading\">Reference internet<\/h2>\n\n\n\n<ul class=\"wp-block-list\">\n<li><a href=\"http:\/\/www.romanvondrous.cz\/\">Roman Vondrou\u0161 &#8211; profesion\u00e1ln\u00ed fotograf (romanvondrous.cz)<\/a><\/li>\n\n\n\n<li><a href=\"https:\/\/cs.wikipedia.org\/wiki\/Roman_Vondrou%C5%A1\">Roman Vondrou\u0161 \u2013 Wikipedie (wikipedia.org)<\/a><\/li>\n\n\n\n<li><a href=\"https:\/\/www.wikidata.org\/wiki\/Q106935914\">Roman Vondrou\u0161 &#8211; Wikidata<\/a> <\/li>\n<\/ul>\n\n\n\n<h2 class=\"wp-block-heading\">Soci\u00e1ln\u00ed s\u00edt\u011b<\/h2>\n\n\n\n<ul class=\"wp-block-list\">\n<li><a href=\"https:\/\/www.facebook.com\/roman.vondrous\">Roman Vondrou\u0161 | Facebook<\/a><\/li>\n<\/ul>\n\n\n\n<h2 class=\"wp-block-heading\">Reference intern\u00ed<\/h2>\n\n\n\n<ul class=\"wp-block-list\">\n<li><a href=\"https:\/\/www.provaznik.info\/fotoprovaz\/wp-admin\/post.php?post=1470&amp;action=edit\">Debata \u201cJak se fot\u00ed prezidenti\u201d<\/a> <\/li>\n\n\n\n<li><a href=\"https:\/\/www.provaznik.info\/fotoprovaz\/blog\/2024\/02\/02\/vysledky-czech-press-photo-2023-29-rocnik\/\">V\u00fdsledky Czech Press Photo 2023 (29. ro\u010dn\u00edk) \u2013 FotoProvaz (provaznik.info)<\/a><\/li>\n<\/ul>\n\n\n\n<h2 class=\"wp-block-heading\">Internetov\u00e1 m\u00e9dia<\/h2>\n\n\n\n<ul class=\"wp-block-list\">\n<li><a href=\"https:\/\/radiozurnal.rozhlas.cz\/podarilo-se-mi-zachytit-tajemnost-cloveka-v-dezinfekcni-komore-popisuje-vitez-8376992\">Poda\u0159ilo se mi zachytit tajemnost \u010dlov\u011bka v dezinfek\u010dn\u00ed komo\u0159e, popisuje v\u00edt\u011bz Czech Press Photo | Radio\u017eurn\u00e1l (rozhlas.cz)<\/a><\/li>\n<\/ul>\n\n\n\n<h2 class=\"wp-block-heading\">Reference knihy<\/h2>\n\n\n\n<p>Seznam d\u011bl autora v datab\u00e1zi N\u00e1rodn\u00ed knihovny <a href=\"https:\/\/aleph.nkp.cz\/F\/?ccl_term=wau=js20051010061+or+wkw=js20051010061&amp;func=find-c&amp;local_base=skc\" target=\"_blank\" rel=\"noreferrer noopener nofollow\">aleph.nkp.cz<\/a><\/p>\n\n\n\n<h2 class=\"wp-block-heading\">Reference \u010dasopisy<\/h2>\n\n\n\n<p><em>Reference na dal\u0161\u00ed ti\u0161t\u011bn\u00fd materi\u00e1l kter\u00fd zmi\u0148uje autora nebo jeho d\u00edlo.  Reference prozat\u00edm neuvedeny.<\/em><\/p>\n\n\n\n<h2 class=\"wp-block-heading\">Reference filmy a video dokumenty<\/h2>\n\n\n\n<ul class=\"wp-block-list\">\n<li><a href=\"https:\/\/edu.ceskatelevize.cz\/video\/4387-prekazkove-dostihy-ve-fotografii\">P\u0159ek\u00e1\u017ekov\u00e9 dostihy ve fotografii &#8211; \u010cT edu &#8211; \u010cesk\u00e1 televize (ceskatelevize.cz)<\/a><\/li>\n\n\n\n<li><a href=\"https:\/\/www.youtube.com\/watch?v=ylWs5VTnzIM\">49. LF\u0160 &#8211; Jak se fot\u00ed prezidenti (1. 8. 2023, youtube.com)<\/a><\/li>\n<\/ul>\n\n\n\n<h2 class=\"wp-block-heading\">Samostatn\u00e9 v\u00fdstavy (v\u00fdb\u011br)<\/h2>\n\n\n\n<p><em>Informace o samostatn\u00fdch v\u00fdstav\u00e1ch autora.  Zam\u011b\u0159en\u00ed na v\u00fdstavy v \u010desk\u00e9 republiky s p\u0159esahem do bl\u00edzk\u00e9 Evropy. Reference prozat\u00edm neuvedeny.<\/em><\/p>\n\n\n\n<h2 class=\"wp-block-heading\">Skupinov\u00e9 v\u00fdstavy (v\u00fdb\u011br)<\/h2>\n\n\n\n<p><em>Informace o skupinov\u00fdch a hromadn\u00fdch v\u00fdstav\u00e1ch na kter\u00fdch autor zve\u0159ejnil sv\u00e1 d\u00edla. Zam\u011b\u0159en\u00ed na v\u00fdstavy v \u010desk\u00e9 republiky s p\u0159esahem do bl\u00edzk\u00e9 Evropy. Reference prozat\u00edm neuvedeny.<\/em><\/p>\n\n\n\n<h2 class=\"wp-block-heading\">Zastoupen\u00ed v galeri\u00edch a sb\u00edrk\u00e1ch (v\u00fdb\u011br)<\/h2>\n\n\n\n<p><em>Informace o st\u00e1l\u00fdch galerijn\u00edch a sb\u00edrkov\u00fdch fondech autora. Reference prozat\u00edm neuvedeny.<\/em><\/p>\n\n\n\n<h2 class=\"wp-block-heading\">Dal\u0161\u00ed zdroje<\/h2>\n\n\n\n<p><em>Seznam mo\u017en\u00fdch dal\u0161\u00edch zdroj\u016f pro p\u0159\u00edpadn\u00e9 odborn\u00e9 pr\u00e1ce.  Dal\u0161\u00ed zdroje aktu\u00e1ln\u011b neuvedeny. <\/em><\/p>\n\n\n\n<div style=\"height:100px\" aria-hidden=\"true\" class=\"wp-block-spacer\"><\/div>\n\n\n\n<hr class=\"wp-block-separator has-alpha-channel-opacity\"\/>\n\n\n\n<div class=\"wp-block-columns is-layout-flex wp-container-core-columns-is-layout-9d6595d7 wp-block-columns-is-layout-flex\">\n<div class=\"wp-block-column is-layout-flow wp-block-column-is-layout-flow\">\n<p class=\"has-text-align-right\">Naposledy aktualizov\u00e1no:<\/p>\n<\/div>\n\n\n\n<div class=\"wp-block-column is-layout-flow wp-block-column-is-layout-flow\"><div class=\"wp-block-post-date__modified-date wp-block-post-date\"><time datetime=\"2024-09-26T12:15:10+01:00\">26\/09\/2024<\/time><\/div><\/div>\n<\/div>\n","protected":false},"excerpt":{"rendered":"<p>Roman Vondrou\u0161 (*1975, Pardubice) je \u010desk\u00fd profesion\u00e1ln\u00ed report\u00e1\u017en\u00ed a sportovn\u00ed fotograf. Pracuje jako fotoreport\u00e9r pro \u010ceskou tiskovou kancel\u00e1\u0159. Je dr\u017eitelem cel\u00e9 \u0159ady ocen\u011bn\u00ed v\u010detn\u011b presti\u017en\u00edch cen Czech Press Photo a <\/p>\n","protected":false},"author":1,"featured_media":0,"parent":675,"menu_order":0,"comment_status":"closed","ping_status":"closed","template":"","meta":{"ngg_post_thumbnail":0,"footnotes":""},"class_list":["post-445","page","type-page","status-publish","hentry"],"_links":{"self":[{"href":"https:\/\/www.provaznik.info\/fotoprovaz\/wp-json\/wp\/v2\/pages\/445","targetHints":{"allow":["GET"]}}],"collection":[{"href":"https:\/\/www.provaznik.info\/fotoprovaz\/wp-json\/wp\/v2\/pages"}],"about":[{"href":"https:\/\/www.provaznik.info\/fotoprovaz\/wp-json\/wp\/v2\/types\/page"}],"author":[{"embeddable":true,"href":"https:\/\/www.provaznik.info\/fotoprovaz\/wp-json\/wp\/v2\/users\/1"}],"replies":[{"embeddable":true,"href":"https:\/\/www.provaznik.info\/fotoprovaz\/wp-json\/wp\/v2\/comments?post=445"}],"version-history":[{"count":14,"href":"https:\/\/www.provaznik.info\/fotoprovaz\/wp-json\/wp\/v2\/pages\/445\/revisions"}],"predecessor-version":[{"id":1694,"href":"https:\/\/www.provaznik.info\/fotoprovaz\/wp-json\/wp\/v2\/pages\/445\/revisions\/1694"}],"up":[{"embeddable":true,"href":"https:\/\/www.provaznik.info\/fotoprovaz\/wp-json\/wp\/v2\/pages\/675"}],"wp:attachment":[{"href":"https:\/\/www.provaznik.info\/fotoprovaz\/wp-json\/wp\/v2\/media?parent=445"}],"curies":[{"name":"wp","href":"https:\/\/api.w.org\/{rel}","templated":true}]}}