{"id":409,"date":"2022-05-04T11:48:10","date_gmt":"2022-05-04T10:48:10","guid":{"rendered":"https:\/\/www.provaznik.info\/fotoprovaz\/?page_id=409"},"modified":"2025-08-21T12:45:23","modified_gmt":"2025-08-21T11:45:23","slug":"fotokluby","status":"publish","type":"page","link":"https:\/\/www.provaznik.info\/fotoprovaz\/foto-odkazy\/fotokluby\/","title":{"rendered":"Fotokluby"},"content":{"rendered":"\n<div class=\"wp-block-group\"><div class=\"wp-block-group__inner-container is-layout-flow wp-block-group-is-layout-flow\"><\/div><\/div>\n\n\n\n<p>P\u0159ehled fotoklub\u016f kter\u00e9 zn\u00e1m, sly\u0161el jsem o nich, nalezl je nebo na kter\u00e9 jsem narazil p\u0159i toul\u00e1n\u00ed internetem. Pokud chcete m\u00edt zde v\u00e1\u0161 odkaz na v\u00e1\u0161 fotoklub, nev\u00e1hejte m\u011b <a href=\"https:\/\/www.provaznik.info\/fotoprovaz\/kontakt\/\" data-type=\"page\" data-id=\"133\">kontaktovat<\/a>.<\/p>\n\n\n\n<div class=\"wp-block-group has-small-font-size is-horizontal is-content-justification-right is-nowrap is-layout-flex wp-container-core-group-is-layout-1c040b41 wp-block-group-is-layout-flex\" style=\"font-style:italic;font-weight:200\">\n<p class=\"has-text-align-right has-small-font-size\"><em>Aktualizace <\/em><\/p>\n\n\n<div class=\"wp-block-post-date__modified-date wp-block-post-date\"><time datetime=\"2025-08-21T12:45:23+01:00\">21\/08\/2025<\/time><\/div><\/div>\n\n\n\n<h2 class=\"wp-block-heading\">A<\/h2>\n\n\n\n<p>Fotoklub Air Zoom Praha<br>Fotoklub Alfa (Pardubice) &#8211; <a href=\"https:\/\/alfa-fotoklub.webnode.cz\/\" target=\"_blank\" rel=\"noreferrer noopener nofollow\">www<\/a><\/p>\n\n\n\n<h2 class=\"wp-block-heading\">B<\/h2>\n\n\n\n<p>Fotoklub Balvan Jablonec n.Nisou<br>Fotoklub Beseda Otrokovice &#8211; <a href=\"https:\/\/www.provaznik.info\/fotoprovaz\/fotokluby-a-fotoskupiny\/fotoklub-beseda-otrokovice\/\" data-type=\"page\" data-id=\"599\">V\u00edce informac\u00ed zde<\/a><\/p>\n\n\n\n<h2 class=\"wp-block-heading\">D<\/h2>\n\n\n\n<p>Fotoklub MKS Doma\u017elice<\/p>\n\n\n\n<h2 class=\"wp-block-heading\">F<\/h2>\n\n\n\n<p>Fotoklub F2020 Jablonec nad Nisou &#8211; <a href=\"https:\/\/www.f2020.cz\" target=\"_blank\" rel=\"noreferrer noopener nofollow\">www<\/a><br>Fotoklub FoPa (Pardubice) <br>Fomaklub Liberec<br>Fotoklub FOKO Kol\u00edn &#8211; <a href=\"https:\/\/www.stranik.cz\/fotoklubkolin\/www\/index.aspx?p=15\" target=\"_blank\" rel=\"noreferrer noopener nofollow\">www<\/a><\/p>\n\n\n\n<h2 class=\"wp-block-heading\">H<\/h2>\n\n\n\n<p>Fotoklub Hav\u00ed\u0159ov &#8211; <a href=\"https:\/\/www.facebook.com\/people\/Fotoklub-Hav%C3%AD%C5%99ov-zs\/100089867771340\/\">Facebook<\/a><br>Fotoklub HLINE\u010cAN Hlinsko &#8211; <a href=\"http:\/\/fotoklub.hlinecko.cz\/\" target=\"_blank\" rel=\"noreferrer noopener nofollow\">www<\/a><\/p>\n\n\n\n<h2 class=\"wp-block-heading\">J<\/h2>\n\n\n\n<p>Jizersk\u00fd fotoklub Hejnice<\/p>\n\n\n\n<h2 class=\"wp-block-heading\">K<\/h2>\n\n\n\n<p>Fotoklub KFA Brumov-Bylnice<\/p>\n\n\n\n<h2 class=\"wp-block-heading\">L<\/h2>\n\n\n\n<p>Fotoklub Litovel<\/p>\n\n\n\n<h2 class=\"wp-block-heading\">M<\/h2>\n\n\n\n<p>Fotoklub MKS Jarom\u011b\u0159<\/p>\n\n\n\n<h2 class=\"wp-block-heading\">N<\/h2>\n\n\n\n<p>Fotoklub MKS Nov\u00e1 Paka<br>Fotoklub NEKRAS Jablonec nad Nisou &#8211; <a href=\"https:\/\/www.provaznik.info\/fotoprovaz\/foto-odkazy\/fotokluby\/fotoklub-nekras-jablonec-nad-nisou\/\" data-type=\"page\" data-id=\"2846\">V\u00edce informac\u00ed zde<\/a><\/p>\n\n\n\n<h2 class=\"wp-block-heading\">O<\/h2>\n\n\n\n<p>Fotoklub Omega (Hradec kr\u00e1lov\u00e9)<br>Fotoklub Ostrava  &#8211;  <a href=\"https:\/\/www.provaznik.info\/fotoprovaz\/foto-odkazy\/fotokluby\/fotoklub-ostrava\/\" data-type=\"page\" data-id=\"2828\">V\u00edce informac\u00ed zde<\/a><\/p>\n\n\n\n<h2 class=\"wp-block-heading\">P<\/h2>\n\n\n\n<p>Fotoklub PCW Praha<\/p>\n\n\n\n<h2 class=\"wp-block-heading\">R<\/h2>\n\n\n\n<p>Fotoklub RK (Rychnov nad Kn\u011b\u017enou) &#8211; <a href=\"https:\/\/www.provaznik.info\/fotoprovaz\/fotokluby-a-fotoskupiny\/fotoklub-rk\/\" data-type=\"page\" data-id=\"481\">V\u00edce informac\u00ed zde<\/a><\/p>\n\n\n\n<h2 class=\"wp-block-heading\">S<\/h2>\n\n\n\n<p>Fotoklub Saf\u00edr Turnov &#8211; <a href=\"https:\/\/www.provaznik.info\/fotoprovaz\/foto-odkazy\/fotokluby\/fotoklub-safir-turnov\/\" data-type=\"page\" data-id=\"1195\">V\u00edce informac\u00ed zde<\/a><br>Fotoklub STEEL T\u0159inec &#8211; <a href=\"https:\/\/www.provaznik.info\/fotoprovaz\/foto-odkazy\/fotokluby\/fotoklub-steel-trinec\/\" data-type=\"page\" data-id=\"2082\">V\u00edce informac\u00ed zde<\/a><br>Fotoklub SPOU\u0160\u0164 Vrchlab\u00ed <br>Fotoklub SOKOL Mlad\u00e1 Boleslav &#8211; <a href=\"https:\/\/www.fotoklubsokol.cz\/\" target=\"_blank\" rel=\"noreferrer noopener nofollow\">www<\/a><\/p>\n\n\n\n<h2 class=\"wp-block-heading\">T<\/h2>\n\n\n\n<p>Fotoklub KD\u00da Trutnov &#8211; <a href=\"https:\/\/www.provaznik.info\/fotoprovaz\/foto-odkazy\/fotokluby\/fotoklub-kdu-trutnov\/\" data-type=\"page\" data-id=\"1888\">V\u00edce informac\u00ed zde<\/a><\/p>\n\n\n\n<h2 class=\"wp-block-heading\">I<\/h2>\n\n\n\n<p>Fotoklub Ivan\u010dice &#8211; <a href=\"https:\/\/www.fotoklub-ivancice.cz\/\" target=\"_blank\" rel=\"noreferrer noopener nofollow\">www<\/a><\/p>\n\n\n\n<h2 class=\"wp-block-heading\">J<\/h2>\n\n\n\n<p>Fotoklub FHF Jilemnice<\/p>\n\n\n\n<h2 class=\"wp-block-heading\">V<\/h2>\n\n\n\n<p>Fotoklub Vset\u00edn &#8211; <a href=\"http:\/\/www.fotoklub-vsetin.cz\/\" target=\"_blank\" rel=\"noreferrer noopener nofollow\">www<\/a><\/p>\n\n\n\n<h2 class=\"wp-block-heading\">Z<\/h2>\n\n\n\n<p>Fotoklub Znojmo <\/p>\n\n\n\n<h2 class=\"wp-block-heading\">Neza\u0159azeno<\/h2>\n\n\n\n<p>Sbor dobrovoln\u00fdch fotograf\u016f Desn\u00e1<br>Fotoskupina Spektrum Blatn\u00e1<br>Fotografov\u00e9 Kladno<br>Spolek hav\u00ed\u0159ovsk\u00fdch fotograf\u016f z. s. &#8211; <a href=\"https:\/\/www.shf-dobresvetlo.cz\/\" target=\"_blank\" rel=\"noreferrer noopener nofollow\">www<\/a><br>Klub Moravsk\u00fdch fotograf\u016f &#8211; <a href=\"https:\/\/kmf.cz\/\">www<\/a><\/p>\n\n\n\n<h2 class=\"wp-block-heading\">Dal\u0161\u00ed Fotospolky<\/h2>\n\n\n\n<p>Svaz \u010desk\u00fdch fotograf\u016f &#8211; <a href=\"https:\/\/www.provaznik.info\/fotoprovaz\/svaz-ceskych-fotografu\/\" data-type=\"page\" data-id=\"2044\">V\u00edce informac\u00ed zde<\/a><br>o.s. FOTOGRAFICK\u00dd OBZOR \u010cesk\u00fd T\u011b\u0161\u00edn &#8211; <a href=\"https:\/\/www.provaznik.info\/fotoprovaz\/foto-odkazy\/fotokluby\/fotoklub-steel-trinec\/\" data-type=\"page\" data-id=\"2082\">viz Fotoklub STEEL T\u0159inec<\/a><\/p>\n\n\n\n<p><\/p>\n","protected":false},"excerpt":{"rendered":"<p>P\u0159ehled fotoklub\u016f kter\u00e9 zn\u00e1m, sly\u0161el jsem o nich, nalezl je nebo na kter\u00e9 jsem narazil p\u0159i toul\u00e1n\u00ed internetem. Pokud chcete m\u00edt zde v\u00e1\u0161 odkaz na v\u00e1\u0161 fotoklub, nev\u00e1hejte m\u011b kontaktovat. <\/p>\n","protected":false},"author":1,"featured_media":0,"parent":561,"menu_order":0,"comment_status":"closed","ping_status":"closed","template":"","meta":{"ngg_post_thumbnail":0,"footnotes":""},"class_list":["post-409","page","type-page","status-publish","hentry"],"_links":{"self":[{"href":"https:\/\/www.provaznik.info\/fotoprovaz\/wp-json\/wp\/v2\/pages\/409","targetHints":{"allow":["GET"]}}],"collection":[{"href":"https:\/\/www.provaznik.info\/fotoprovaz\/wp-json\/wp\/v2\/pages"}],"about":[{"href":"https:\/\/www.provaznik.info\/fotoprovaz\/wp-json\/wp\/v2\/types\/page"}],"author":[{"embeddable":true,"href":"https:\/\/www.provaznik.info\/fotoprovaz\/wp-json\/wp\/v2\/users\/1"}],"replies":[{"embeddable":true,"href":"https:\/\/www.provaznik.info\/fotoprovaz\/wp-json\/wp\/v2\/comments?post=409"}],"version-history":[{"count":28,"href":"https:\/\/www.provaznik.info\/fotoprovaz\/wp-json\/wp\/v2\/pages\/409\/revisions"}],"predecessor-version":[{"id":2848,"href":"https:\/\/www.provaznik.info\/fotoprovaz\/wp-json\/wp\/v2\/pages\/409\/revisions\/2848"}],"up":[{"embeddable":true,"href":"https:\/\/www.provaznik.info\/fotoprovaz\/wp-json\/wp\/v2\/pages\/561"}],"wp:attachment":[{"href":"https:\/\/www.provaznik.info\/fotoprovaz\/wp-json\/wp\/v2\/media?parent=409"}],"curies":[{"name":"wp","href":"https:\/\/api.w.org\/{rel}","templated":true}]}}