{"id":2379,"date":"2025-02-06T12:12:02","date_gmt":"2025-02-06T11:12:02","guid":{"rendered":"https:\/\/www.provaznik.info\/fotoprovaz\/?page_id=2379"},"modified":"2025-09-03T08:19:19","modified_gmt":"2025-09-03T07:19:19","slug":"galerie","status":"publish","type":"page","link":"https:\/\/www.provaznik.info\/fotoprovaz\/foto-odkazy\/galerie\/","title":{"rendered":"Galerie"},"content":{"rendered":"\n<p>Zde najdete vybran\u00e9 odkazy na galerie, musea a v\u00fdstavn\u00ed prostory, kter\u00e9 jsme nav\u0161t\u00edvili nebo jste je doporu\u010dili vy, fanou\u0161ci fotografie. Ka\u017ed\u00fd z odkaz\u016f nab\u00edz\u00ed jedine\u010dn\u00fd pohled do sv\u011bta vizu\u00e1ln\u00edho um\u011bn\u00ed, od klasick\u00fdch maleb po sou\u010dasnou fotografii. A\u0165 u\u017e hled\u00e1te inspiraci, nebo jen chcete str\u00e1vit p\u0159\u00edjemn\u00e9 odpoledne obklopeni kr\u00e1sou, tyto galerie v\u00e1s nezklamou. Proch\u00e1zejte, objevujte a nechte se un\u00e9st um\u011bn\u00edm.<\/p>\n\n\n\n<p>Pokud jste zde nena\u0161li odkaz na va\u0161i obl\u00edbenou galerii, museum nebo v\u00fdstavn\u00ed prostor, nev\u00e1hejte m\u011b <a href=\"https:\/\/www.provaznik.info\/fotoprovaz\/kontakt\/\" data-type=\"page\" data-id=\"133\">kontaktovat<\/a>. Va\u0161e tipy a doporu\u010den\u00ed jsou v\u00edt\u00e1ny a pomohou roz\u0161\u00ed\u0159it tento seznam o dal\u0161\u00ed skv\u011bl\u00e1 m\u00edsta.<\/p>\n\n\n\n<div class=\"wp-block-group has-small-font-size is-horizontal is-content-justification-right is-nowrap is-layout-flex wp-container-core-group-is-layout-1c040b41 wp-block-group-is-layout-flex\" style=\"font-style:italic;font-weight:200\">\n<p class=\"has-text-align-right has-small-font-size\">Posledn\u00ed a<em>ktualizace <\/em><\/p>\n\n\n<div class=\"wp-block-post-date__modified-date wp-block-post-date\"><time datetime=\"2025-09-03T08:19:19+01:00\">03\/09\/2025<\/time><\/div><\/div>\n\n\n\n<hr class=\"wp-block-separator has-alpha-channel-opacity\"\/>\n\n\n\n<h2 class=\"wp-block-heading\">Pardubice<\/h2>\n\n\n\n<p><strong>Galerie Univerzity Pardubice<\/strong>, Studentsk\u00e1 519, 532 10 Pardubice &#8211; [<a href=\"https:\/\/www.upce.cz\/galerie-umeni\" target=\"_blank\" rel=\"noreferrer noopener nofollow\">Galerie univerzity GU: | Univerzita Pardubice<\/a>]<\/p>\n\n\n\n<p><strong>Go\u010d\u00e1rova galerie<\/strong>, Automatick\u00e9 ml\u00fdny 1961, 530 02 Pardubice &#8211; [<a href=\"http:\/\/www.gocarovagalerie.cz\/\" target=\"_blank\" rel=\"noreferrer noopener nofollow\">www.gocarovagalerie.cz<\/a>] [<a href=\"https:\/\/www.facebook.com\/Gocarovagalerie\" target=\"_blank\" rel=\"noreferrer noopener nofollow\">Facebook<\/a>] [<a href=\"https:\/\/www.instagram.com\/gocarova_galerie\/\" target=\"_blank\" rel=\"noreferrer noopener nofollow\">Instagram &#8211; @gocarova_galerie<\/a>]<\/p>\n\n\n\n<p><strong>M\u00e1zhaus Pardubice<\/strong>, Pern\u0161t\u00fdnsk\u00e9 n\u00e1m\u011bst\u00ed 3, 530 02 Pardubice &#8211; [<a href=\"https:\/\/www.mazhauspardubice.cz\/\" target=\"_blank\" rel=\"noreferrer noopener nofollow\">M\u00e1zhaus Pardubice | V\u00fdstavn\u00ed prostor<\/a>]<\/p>\n\n\n\n<h2 class=\"wp-block-heading\">Praha<\/h2>\n\n\n\n<p><strong>Galerie Zden\u011bk Sklen\u00e1\u0159<\/strong>, Sch\u00f6nkirchovsk\u00fd pal\u00e1c, Mikulandsk\u00e1 135\/7, 110 00 Praha 1 \u2013 Nov\u00e9 M\u011bsto &#8211; [<a href=\"https:\/\/www.zdeneksklenar.cz\/\" target=\"_blank\" rel=\"noreferrer noopener nofollow\">Galerie Zden\u011bk Sklen\u00e1\u0159<\/a>]<\/p>\n\n\n\n<p><strong>Um\u011bleckopr\u016fmyslov\u00e9 museum v Praze<\/strong>, ulice 17. listopadu 2, 110 00 Praha 1 &#8211; [<a href=\"https:\/\/www.upm.cz\/\" target=\"_blank\" rel=\"noreferrer noopener nofollow\">www.upm.cz<\/a>]<\/p>\n\n\n\n<p><strong>LEICA GALLERY PRAGUE o.p.s.<\/strong>, \u0160kolsk\u00e1 28, 110 00 Praha 1 &#8211; [<a href=\"https:\/\/www.lgp.cz\/\" target=\"_blank\" rel=\"noreferrer noopener nofollow\">Leica Gallery Prague<\/a>] [<a href=\"https:\/\/www.instagram.com\/leicagalleryprague\/\" target=\"_blank\" rel=\"noreferrer noopener nofollow\">instagram &#8211; @leicagalleryprague<\/a>]<\/p>\n\n\n\n<p><strong>Galerie Fotografic<\/strong>, St\u0159\u00edbrn\u00e1 2, 110 00 Praha 1 &#8211; [<a href=\"https:\/\/fotografic.cz\" target=\"_blank\" rel=\"noreferrer noopener nofollow\">fotografic.cz<\/a>] [<a href=\"https:\/\/www.instagram.com\/galeriefotografic\/\" target=\"_blank\" rel=\"noreferrer noopener nofollow\">instagram &#8211; @galeriefotografic<\/a>] [<a href=\"https:\/\/www.facebook.com\/GalerieFotograficPrague\" target=\"_blank\" rel=\"noreferrer noopener nofollow\">facebook<\/a>]<\/p>\n\n\n\n<p><strong>Fotograf gallery (Galerie Fotograf Zone)<\/strong>, Jungmannova 19\/7, 110 00, Praha 1 &#8211; [<a href=\"https:\/\/fotograf.zone\/infoPages\/galerie-1\" target=\"_blank\" rel=\"noreferrer noopener nofollow\">fotograf.zone<\/a>] [<a href=\"https:\/\/www.linkedin.com\/company\/fotografzone\" target=\"_blank\" rel=\"noreferrer noopener nofollow\">linkedin<\/a>] [<a href=\"https:\/\/www.facebook.com\/fotograf.zone\" target=\"_blank\" rel=\"noreferrer noopener nofollow\">facebook<\/a>] [<a href=\"https:\/\/www.instagram.com\/fotograf.zone\" target=\"_blank\" rel=\"noreferrer noopener nofollow\">instagram &#8211; @fotograf.zone<\/a>]<\/p>\n\n\n\n<h2 class=\"wp-block-heading\">Hradec kr\u00e1lov\u00e9<\/h2>\n\n\n\n<p><strong>Multifunk\u010dn\u00ed Galerie Suter\u00e9n &#8211; Infocentrum<\/strong>, Eli\u0161\u010dino n\u00e1b\u0159e\u017e\u00ed 626, Hradec Kr\u00e1lov\u00e9 &#8211; [<a href=\"https:\/\/www.hkinfo.cz\/cs\/infocentrum-nabizi\/multifunkcni-galerie-suteren.html\" target=\"_blank\" rel=\"noreferrer noopener nofollow\">Multifunk\u010dn\u00ed Galerie Suter\u00e9n<\/a>]<\/p>\n\n\n\n<h2 class=\"wp-block-heading\">Brno<\/h2>\n\n\n\n<p><strong>Galerie Valcha\u0159sk\u00e1 \u2013 Tisk\u00e1rna Helbich<\/strong>, Valcha\u0159sk\u00e1 36, 614 00 Brno &#8211; [<a href=\"https:\/\/www.facebook.com\/galerievalcharska\" target=\"_blank\" rel=\"noreferrer noopener nofollow\">Facebook<\/a>] [<a href=\"https:\/\/www.galerievalcharska.cz\" target=\"_blank\" rel=\"noreferrer noopener nofollow\">www.galerievalcharska.cz<\/a>]<\/p>\n\n\n\n<h2 class=\"wp-block-heading\">Dal\u0161\u00ed galerie<\/h2>\n\n\n\n<p><\/p>\n","protected":false},"excerpt":{"rendered":"<p>Zde najdete vybran\u00e9 odkazy na galerie, musea a v\u00fdstavn\u00ed prostory, kter\u00e9 jsme nav\u0161t\u00edvili nebo jste je doporu\u010dili vy, fanou\u0161ci fotografie. Ka\u017ed\u00fd z odkaz\u016f nab\u00edz\u00ed jedine\u010dn\u00fd pohled do sv\u011bta vizu\u00e1ln\u00edho um\u011bn\u00ed, <\/p>\n","protected":false},"author":1,"featured_media":0,"parent":561,"menu_order":0,"comment_status":"closed","ping_status":"closed","template":"","meta":{"ngg_post_thumbnail":0,"footnotes":""},"class_list":["post-2379","page","type-page","status-publish","hentry"],"_links":{"self":[{"href":"https:\/\/www.provaznik.info\/fotoprovaz\/wp-json\/wp\/v2\/pages\/2379","targetHints":{"allow":["GET"]}}],"collection":[{"href":"https:\/\/www.provaznik.info\/fotoprovaz\/wp-json\/wp\/v2\/pages"}],"about":[{"href":"https:\/\/www.provaznik.info\/fotoprovaz\/wp-json\/wp\/v2\/types\/page"}],"author":[{"embeddable":true,"href":"https:\/\/www.provaznik.info\/fotoprovaz\/wp-json\/wp\/v2\/users\/1"}],"replies":[{"embeddable":true,"href":"https:\/\/www.provaznik.info\/fotoprovaz\/wp-json\/wp\/v2\/comments?post=2379"}],"version-history":[{"count":11,"href":"https:\/\/www.provaznik.info\/fotoprovaz\/wp-json\/wp\/v2\/pages\/2379\/revisions"}],"predecessor-version":[{"id":3028,"href":"https:\/\/www.provaznik.info\/fotoprovaz\/wp-json\/wp\/v2\/pages\/2379\/revisions\/3028"}],"up":[{"embeddable":true,"href":"https:\/\/www.provaznik.info\/fotoprovaz\/wp-json\/wp\/v2\/pages\/561"}],"wp:attachment":[{"href":"https:\/\/www.provaznik.info\/fotoprovaz\/wp-json\/wp\/v2\/media?parent=2379"}],"curies":[{"name":"wp","href":"https:\/\/api.w.org\/{rel}","templated":true}]}}